CRAN Package Check Results for Package BayesianNetwork

Last updated on 2021-01-25 00:47:52 CET.

Flavor Version Tinstall Tcheck Ttotal Status Flags
r-devel-linux-x86_64-debian-clang 0.1.5 8.16 71.11 79.27 OK
r-devel-linux-x86_64-debian-gcc 0.1.5 5.96 52.40 58.36 OK
r-devel-linux-x86_64-fedora-clang 0.1.5 99.81 NOTE
r-devel-linux-x86_64-fedora-gcc 0.1.5 86.04 NOTE
r-devel-windows-ix86+x86_64 0.1.5 23.00 95.00 118.00 OK
r-patched-linux-x86_64 0.1.5 6.50 65.01 71.51 OK
r-patched-solaris-x86 0.1.5 128.50 NOTE
r-release-linux-x86_64 0.1.5 5.29 65.43 70.72 OK
r-release-macos-x86_64 0.1.5 NOTE
r-release-windows-ix86+x86_64 0.1.5 23.00 99.00 122.00 OK
r-oldrel-macos-x86_64 0.1.5 NOTE
r-oldrel-windows-ix86+x86_64 0.1.5 14.00 78.00 92.00 OK

Check Details

Version: 0.1.5
Check: dependencies in R code
Result: NOTE
    Namespaces in Imports field not imported from:
     ‘shinytest’ ‘testthat’
     All declared Imports should be used.
Flavors: r-devel-linux-x86_64-fedora-clang, r-devel-linux-x86_64-fedora-gcc, r-patched-solaris-x86, r-release-macos-x86_64, r-oldrel-macos-x86_64