Last updated on 2021-01-25 00:47:52 CET.
Flavor | Version | Tinstall | Tcheck | Ttotal | Status | Flags |
---|---|---|---|---|---|---|
r-devel-linux-x86_64-debian-clang | 2.3 | 10.47 | 85.02 | 95.49 | OK | |
r-devel-linux-x86_64-debian-gcc | 2.3 | 7.76 | 64.83 | 72.59 | OK | |
r-devel-linux-x86_64-fedora-clang | 2.3 | 120.94 | NOTE | |||
r-devel-linux-x86_64-fedora-gcc | 2.3 | 120.07 | OK | |||
r-devel-windows-ix86+x86_64 | 2.3 | 21.00 | 115.00 | 136.00 | OK | |
r-patched-linux-x86_64 | 2.3 | 12.17 | 78.70 | 90.87 | OK | |
r-patched-solaris-x86 | 2.3 | 156.00 | OK | |||
r-release-linux-x86_64 | 2.3 | 10.20 | 78.60 | 88.80 | OK | |
r-release-macos-x86_64 | 2.3 | OK | ||||
r-release-windows-ix86+x86_64 | 2.3 | 15.00 | 110.00 | 125.00 | OK | |
r-oldrel-macos-x86_64 | 2.3 | OK | ||||
r-oldrel-windows-ix86+x86_64 | 2.3 | 17.00 | 101.00 | 118.00 | OK |
Version: 2.3
Check: Rd cross-references
Result: NOTE
Undeclared packages ‘CountsEPPM’, ‘betareg’ in Rd xrefs
Flavor: r-devel-linux-x86_64-fedora-clang