CRAN Package Check Results for Package Biocomb

Last updated on 2021-01-25 00:47:52 CET.

Flavor Version Tinstall Tcheck Ttotal Status Flags
r-devel-linux-x86_64-debian-clang 0.4 64.02 192.16 256.18 OK
r-devel-linux-x86_64-debian-gcc 0.4 45.83 144.61 190.44 OK
r-devel-linux-x86_64-fedora-clang 0.4 323.30 OK
r-devel-linux-x86_64-fedora-gcc 0.4 328.75 OK
r-devel-windows-ix86+x86_64 0.4 135.00 331.00 466.00 OK
r-patched-linux-x86_64 0.4 52.52 177.84 230.36 OK
r-release-linux-x86_64 0.4 53.69 178.53 232.22 OK
r-release-macos-x86_64 0.4 OK
r-release-windows-ix86+x86_64 0.4 133.00 314.00 447.00 OK
r-oldrel-macos-x86_64 0.4 WARN
r-oldrel-windows-ix86+x86_64 0.4 105.00 253.00 358.00 OK

Check Details

Version: 0.4
Check: whether package can be installed
Result: WARN
    Found the following significant warnings:
     Warning: 'rgl_init' failed, running with rgl.useNULL = TRUE
Flavor: r-oldrel-macos-x86_64