CRAN Package Check Results for Package BiodiversityR

Last updated on 2021-01-25 00:47:52 CET.

Flavor Version Tinstall Tcheck Ttotal Status Flags
r-devel-linux-x86_64-debian-clang 2.12-3 61.34 276.72 338.06 OK
r-devel-linux-x86_64-debian-gcc 2.12-3 51.20 203.27 254.47 OK
r-devel-linux-x86_64-fedora-clang 2.12-3 429.65 NOTE
r-devel-linux-x86_64-fedora-gcc 2.12-3 439.48 OK
r-devel-windows-ix86+x86_64 2.12-3 91.00 304.00 395.00 OK
r-patched-linux-x86_64 2.12-3 41.61 251.61 293.22 OK
r-patched-solaris-x86 2.12-3 599.20 OK
r-release-linux-x86_64 2.12-3 42.97 250.97 293.94 OK
r-release-macos-x86_64 2.12-3 OK
r-release-windows-ix86+x86_64 2.12-3 89.00 281.00 370.00 OK
r-oldrel-macos-x86_64 2.12-3 WARN
r-oldrel-windows-ix86+x86_64 2.12-3 68.00 220.00 288.00 OK

Check Details

Version: 2.12-3
Check: Rd cross-references
Result: NOTE
    Undeclared package ‘ggplot2’ in Rd xrefs
Flavor: r-devel-linux-x86_64-fedora-clang

Version: 2.12-3
Check: dependencies in R code
Result: NOTE
    No protocol specified
    No protocol specified
Flavor: r-oldrel-macos-x86_64

Version: 2.12-3
Check: S3 generic/method consistency
Result: WARN
    No protocol specified
    No protocol specified
    See section ‘Generic functions and methods’ in the ‘Writing R
    Extensions’ manual.
Flavor: r-oldrel-macos-x86_64

Version: 2.12-3
Check: replacement functions
Result: WARN
    No protocol specified
    No protocol specified
    The argument of a replacement function which corresponds to the right
    hand side must be named ‘value’.
Flavor: r-oldrel-macos-x86_64

Version: 2.12-3
Check: foreign function calls
Result: NOTE
    No protocol specified
    No protocol specified
    See chapter ‘System and foreign language interfaces’ in the ‘Writing R
    Extensions’ manual.
Flavor: r-oldrel-macos-x86_64

Version: 2.12-3
Check: R code for possible problems
Result: NOTE
    No protocol specified
    No protocol specified
Flavor: r-oldrel-macos-x86_64

Version: 2.12-3
Check: for missing documentation entries
Result: WARN
    No protocol specified
    No protocol specified
    All user-level objects in a package should have documentation entries.
    See chapter ‘Writing R documentation files’ in the ‘Writing R
    Extensions’ manual.
Flavor: r-oldrel-macos-x86_64

Version: 2.12-3
Check: for code/documentation mismatches
Result: WARN
    No protocol specified
    No protocol specified
    No protocol specified
    No protocol specified
    No protocol specified
    No protocol specified
Flavor: r-oldrel-macos-x86_64

Version: 2.12-3
Check: Rd \usage sections
Result: NOTE
    No protocol specified
    No protocol specified
    The \usage entries for S3 methods should use the \method markup and not
    their full name.
    See chapter ‘Writing R documentation files’ in the ‘Writing R
    Extensions’ manual.
Flavor: r-oldrel-macos-x86_64