CRAN Package Check Results for Package Biostatistics

Last updated on 2021-01-25 00:47:52 CET.

Flavor Version Tinstall Tcheck Ttotal Status Flags
r-devel-linux-x86_64-debian-clang 1.0.0 2.22 18.94 21.16 OK
r-devel-linux-x86_64-debian-gcc 1.0.0 1.69 15.00 16.69 OK
r-devel-linux-x86_64-fedora-clang 1.0.0 34.31 NOTE
r-devel-linux-x86_64-fedora-gcc 1.0.0 25.79 NOTE
r-patched-linux-x86_64 1.0.0 2.31 18.75 21.06 OK
r-patched-solaris-x86 1.0.0 38.60 NOTE
r-release-linux-x86_64 1.0.0 2.24 18.71 20.95 OK
r-release-macos-x86_64 1.0.0 NOTE
r-release-windows-ix86+x86_64 1.0.0 7.00 39.00 46.00 OK
r-oldrel-macos-x86_64 1.0.0 NOTE

Check Details

Version: 1.0.0
Check: data for non-ASCII characters
Result: NOTE
     Note: found 46 marked UTF-8 strings
Flavors: r-devel-linux-x86_64-fedora-clang, r-devel-linux-x86_64-fedora-gcc, r-patched-solaris-x86, r-release-macos-x86_64, r-oldrel-macos-x86_64