Last updated on 2021-01-25 00:47:53 CET.
Flavor | Version | Tinstall | Tcheck | Ttotal | Status | Flags |
---|---|---|---|---|---|---|
r-devel-linux-x86_64-debian-clang | 0.2.0 | 8.24 | 69.69 | 77.93 | OK | |
r-devel-linux-x86_64-debian-gcc | 0.2.0 | 7.24 | 54.63 | 61.87 | OK | |
r-devel-linux-x86_64-fedora-clang | 0.2.0 | 102.15 | NOTE | |||
r-devel-linux-x86_64-fedora-gcc | 0.2.0 | 102.09 | OK | |||
r-devel-windows-ix86+x86_64 | 0.2.0 | 18.00 | 89.00 | 107.00 | OK | |
r-patched-linux-x86_64 | 0.2.0 | 8.31 | 66.55 | 74.86 | OK | |
r-patched-solaris-x86 | 0.2.0 | 154.70 | OK | |||
r-release-linux-x86_64 | 0.2.0 | 8.80 | 65.49 | 74.29 | OK | |
r-release-macos-x86_64 | 0.2.0 | OK | ||||
r-release-windows-ix86+x86_64 | 0.2.0 | 16.00 | 95.00 | 111.00 | OK | |
r-oldrel-macos-x86_64 | 0.2.0 | OK | ||||
r-oldrel-windows-ix86+x86_64 | 0.2.0 | 14.00 | 82.00 | 96.00 | OK |
Version: 0.2.0
Check: Rd cross-references
Result: NOTE
Undeclared package ‘ldatuning’ in Rd xrefs
Flavor: r-devel-linux-x86_64-fedora-clang