Last updated on 2021-01-25 00:47:53 CET.
Flavor | Version | Tinstall | Tcheck | Ttotal | Status | Flags |
---|---|---|---|---|---|---|
r-devel-linux-x86_64-debian-clang | 1.5 | 3.20 | 29.14 | 32.34 | NOTE | |
r-devel-linux-x86_64-debian-gcc | 1.5 | 2.37 | 23.17 | 25.54 | NOTE | |
r-devel-linux-x86_64-fedora-clang | 1.5 | 47.24 | NOTE | |||
r-devel-linux-x86_64-fedora-gcc | 1.5 | 40.22 | NOTE | |||
r-devel-windows-ix86+x86_64 | 1.5 | 7.00 | 46.00 | 53.00 | NOTE | |
r-patched-linux-x86_64 | 1.5 | 2.56 | 28.28 | 30.84 | NOTE | |
r-patched-solaris-x86 | 1.5 | 61.60 | NOTE | |||
r-release-linux-x86_64 | 1.5 | 2.87 | 28.31 | 31.18 | NOTE | |
r-release-macos-x86_64 | 1.5 | NOTE | ||||
r-release-windows-ix86+x86_64 | 1.5 | 6.00 | 45.00 | 51.00 | NOTE | |
r-oldrel-macos-x86_64 | 1.5 | NOTE | ||||
r-oldrel-windows-ix86+x86_64 | 1.5 | 5.00 | 33.00 | 38.00 | NOTE |
Version: 1.5
Check: dependencies in R code
Result: NOTE
'library' or 'require' call to 'RCurl' which was already attached by Depends.
Please remove these calls from your code.
Packages in Depends field not imported from:
'RCurl' 'bitops' 'methods'
These packages need to be imported from (in the NAMESPACE file)
for when this namespace is loaded but not attached.
Flavors: r-devel-linux-x86_64-debian-clang, r-devel-linux-x86_64-debian-gcc, r-devel-linux-x86_64-fedora-clang, r-devel-linux-x86_64-fedora-gcc, r-devel-windows-ix86+x86_64, r-patched-linux-x86_64, r-patched-solaris-x86, r-release-linux-x86_64, r-release-macos-x86_64, r-release-windows-ix86+x86_64, r-oldrel-macos-x86_64, r-oldrel-windows-ix86+x86_64
Version: 1.5
Check: R code for possible problems
Result: NOTE
createDataset: no visible global function definition for 'read.csv'
createInventory: no visible global function definition for 'read.csv'
downloadMaster: no visible global function definition for
'getURLContent'
downloadMaster: no visible global function definition for 'read.csv'
downloadMaster: no visible global function definition for 'write.csv'
getMissingScrape: no visible global function definition for 'read.csv'
readLocalMaster: no visible global function definition for 'read.csv'
readMonthlyCsv: no visible global function definition for 'read.csv'
scrapeToCsv: no visible global function definition for 'download.file'
writeData: no visible global function definition for 'write.csv'
writeGhcn: no visible global function definition for 'write.table'
writeInventory: no visible global function definition for 'write.table'
writeMonthlyStations: no visible global function definition for
'read.csv'
writeMonthlyStations: no visible global function definition for
'write.csv'
Undefined global functions or variables:
download.file getURLContent read.csv write.csv write.table
Consider adding
importFrom("utils", "download.file", "read.csv", "write.csv",
"write.table")
to your NAMESPACE file.
Flavors: r-devel-linux-x86_64-debian-clang, r-devel-linux-x86_64-debian-gcc, r-devel-linux-x86_64-fedora-clang, r-devel-linux-x86_64-fedora-gcc, r-devel-windows-ix86+x86_64, r-patched-linux-x86_64, r-patched-solaris-x86, r-release-linux-x86_64, r-release-macos-x86_64, r-release-windows-ix86+x86_64, r-oldrel-macos-x86_64, r-oldrel-windows-ix86+x86_64