CRAN Package Check Results for Package CLME

Last updated on 2021-01-25 00:47:53 CET.

Flavor Version Tinstall Tcheck Ttotal Status Flags
r-devel-linux-x86_64-debian-clang 2.0-12 12.38 112.02 124.40 OK
r-devel-linux-x86_64-debian-gcc 2.0-12 9.91 86.95 96.86 OK
r-devel-linux-x86_64-fedora-clang 2.0-12 155.65 OK
r-devel-linux-x86_64-fedora-gcc 2.0-12 160.47 OK
r-devel-windows-ix86+x86_64 2.0-12 26.00 152.00 178.00 OK
r-patched-linux-x86_64 2.0-12 12.47 104.59 117.06 OK
r-patched-solaris-x86 2.0-12 225.10 OK
r-release-linux-x86_64 2.0-12 11.51 104.71 116.22 OK
r-release-macos-x86_64 2.0-12 OK
r-release-windows-ix86+x86_64 2.0-12 45.00 143.00 188.00 OK
r-oldrel-macos-x86_64 2.0-12 ERROR
r-oldrel-windows-ix86+x86_64 2.0-11 27.00 142.00 169.00 OK

Check Details

Version: 2.0-12
Check: whether package can be installed
Result: ERROR
    Installation failed.
Flavor: r-oldrel-macos-x86_64