CRAN Package Check Results for Package ChangePointTaylor

Last updated on 2021-01-25 00:47:53 CET.

Flavor Version Tinstall Tcheck Ttotal Status Flags
r-devel-linux-x86_64-debian-clang 0.1.0 41.28 46.53 87.81 OK
r-devel-linux-x86_64-debian-gcc 0.1.0 24.55 35.54 60.09 OK
r-devel-linux-x86_64-fedora-clang 0.1.0 124.80 NOTE
r-devel-linux-x86_64-fedora-gcc 0.1.0 113.68 NOTE
r-devel-windows-ix86+x86_64 0.1.0 93.00 200.00 293.00 OK
r-patched-linux-x86_64 0.1.0 31.16 45.53 76.69 OK
r-patched-solaris-x86 0.1.0 128.20 NOTE
r-release-linux-x86_64 0.1.0 25.45 44.73 70.18 OK
r-release-macos-x86_64 0.1.0 NOTE
r-release-windows-ix86+x86_64 0.1.0 92.00 200.00 292.00 OK
r-oldrel-macos-x86_64 0.1.0 NOTE
r-oldrel-windows-ix86+x86_64 0.1.0 77.00 167.00 244.00 OK

Check Details

Version: 0.1.0
Check: dependencies in R code
Result: NOTE
    Namespaces in Imports field not imported from:
     ‘bench’ ‘ggplot2’
     All declared Imports should be used.
Flavors: r-devel-linux-x86_64-fedora-clang, r-devel-linux-x86_64-fedora-gcc, r-patched-solaris-x86, r-release-macos-x86_64, r-oldrel-macos-x86_64