Last updated on 2021-01-25 00:47:53 CET.
Flavor | Version | Tinstall | Tcheck | Ttotal | Status | Flags |
---|---|---|---|---|---|---|
r-devel-linux-x86_64-debian-clang | 0.4.176 | 5.59 | 53.80 | 59.39 | OK | |
r-devel-linux-x86_64-debian-gcc | 0.4.176 | 4.42 | 41.82 | 46.24 | OK | |
r-devel-linux-x86_64-fedora-clang | 0.4.176 | 78.94 | NOTE | |||
r-devel-linux-x86_64-fedora-gcc | 0.4.176 | 76.42 | OK | |||
r-devel-windows-ix86+x86_64 | 0.4.176 | 11.00 | 82.00 | 93.00 | OK | |
r-patched-linux-x86_64 | 0.4.176 | 6.02 | 51.07 | 57.09 | OK | |
r-patched-solaris-x86 | 0.4.176 | 100.50 | OK | |||
r-release-linux-x86_64 | 0.4.176 | 4.85 | 51.19 | 56.04 | OK | |
r-release-macos-x86_64 | 0.4.176 | OK | ||||
r-release-windows-ix86+x86_64 | 0.4.176 | 8.00 | 74.00 | 82.00 | OK | |
r-oldrel-macos-x86_64 | 0.4.176 | OK | ||||
r-oldrel-windows-ix86+x86_64 | 0.4.176 | 7.00 | 64.00 | 71.00 | OK |
Version: 0.4.176
Check: Rd cross-references
Result: NOTE
Undeclared package ‘CMLS’ in Rd xrefs
Flavor: r-devel-linux-x86_64-fedora-clang