CRAN Package Check Results for Package CoMiRe

Last updated on 2021-01-25 00:47:54 CET.

Flavor Version Tinstall Tcheck Ttotal Status Flags
r-devel-linux-x86_64-debian-clang 0.7 81.89 65.34 147.23 OK
r-devel-linux-x86_64-debian-gcc 0.7 51.11 48.52 99.63 OK
r-devel-linux-x86_64-fedora-clang 0.7 202.66 OK
r-devel-linux-x86_64-fedora-gcc 0.7 190.29 OK
r-devel-windows-ix86+x86_64 0.7 198.00 121.00 319.00 OK
r-patched-linux-x86_64 0.7 67.75 59.62 127.37 OK
r-patched-solaris-x86 0.7 181.90 OK
r-release-linux-x86_64 0.7 66.23 58.88 125.11 OK
r-release-macos-x86_64 0.7 OK
r-release-windows-ix86+x86_64 0.7 191.00 115.00 306.00 OK
r-oldrel-macos-x86_64 0.7 ERROR

Check Details

Version: 0.7
Check: whether package can be installed
Result: ERROR
    Installation failed.
Flavor: r-oldrel-macos-x86_64