CRAN Package Check Results for Package DDPNA

Last updated on 2021-01-25 00:47:55 CET.

Flavor Version Tinstall Tcheck Ttotal Status Flags
r-devel-linux-x86_64-debian-clang 0.2.6 19.89 177.54 197.43 OK
r-devel-linux-x86_64-debian-gcc 0.2.6 17.29 131.18 148.47 OK
r-devel-linux-x86_64-fedora-clang 0.2.6 244.23 OK
r-devel-linux-x86_64-fedora-gcc 0.2.6 244.70 OK
r-devel-windows-ix86+x86_64 0.2.6 48.00 218.00 266.00 OK
r-patched-linux-x86_64 0.2.6 12.83 164.05 176.88 OK
r-patched-solaris-x86 0.2.6 317.50 OK
r-release-linux-x86_64 0.2.6 13.03 162.27 175.30 OK
r-release-macos-x86_64 0.2.6 OK
r-release-windows-ix86+x86_64 0.2.6 46.00 174.00 220.00 OK
r-oldrel-macos-x86_64 0.2.6 NOTE
r-oldrel-windows-ix86+x86_64 0.2.6 33.00 168.00 201.00 OK

Check Details

Version: 0.2.6
Check: package dependencies
Result: NOTE
    Package suggested but not available for checking: ‘WGCNA’
Flavor: r-oldrel-macos-x86_64