Last updated on 2021-01-25 00:47:55 CET.
Flavor | Version | Tinstall | Tcheck | Ttotal | Status | Flags |
---|---|---|---|---|---|---|
r-devel-linux-x86_64-debian-clang | 1.0 | 2.74 | 26.72 | 29.46 | NOTE | |
r-devel-linux-x86_64-debian-gcc | 1.0 | 2.14 | 20.81 | 22.95 | NOTE | |
r-devel-linux-x86_64-fedora-clang | 1.0 | 44.43 | NOTE | |||
r-devel-linux-x86_64-fedora-gcc | 1.0 | 35.81 | NOTE | |||
r-devel-windows-ix86+x86_64 | 1.0 | 5.00 | 40.00 | 45.00 | NOTE | |
r-patched-linux-x86_64 | 1.0 | 2.55 | 25.48 | 28.03 | NOTE | |
r-patched-solaris-x86 | 1.0 | 52.10 | NOTE | |||
r-release-linux-x86_64 | 1.0 | 2.53 | 25.39 | 27.92 | NOTE | |
r-release-macos-x86_64 | 1.0 | NOTE | ||||
r-release-windows-ix86+x86_64 | 1.0 | 4.00 | 43.00 | 47.00 | NOTE | |
r-oldrel-macos-x86_64 | 1.0 | NOTE | ||||
r-oldrel-windows-ix86+x86_64 | 1.0 | 4.00 | 38.00 | 42.00 | NOTE |
Version: 1.0
Check: R code for possible problems
Result: NOTE
fs.agreement.part: no visible global function definition for 'as.dist'
fs.agreement.part: no visible global function definition for 'cor'
fs.leave.k.out.combn: no visible global function definition for 'sd'
fs.leave.k.out.sample: no visible global function definition for 'sd'
fs.rd: no visible global function definition for 'pchisq'
fs.selection: no visible global function definition for 'p.adjust'
plot.FIT: no visible global function definition for 'qchisq'
plot.FIT: no visible global function definition for 'ppoints'
plot.FIT: no visible global function definition for 'points'
plot.FIT: no visible global function definition for 'abline'
plotJn: no visible global function definition for 'points'
robust.distance.signed: no visible global function definition for
'mahalanobis'
snowball: no visible global function definition for 'is'
snowball: no visible global function definition for 'median'
weight.sd: no visible binding for global variable 'sd'
Undefined global functions or variables:
abline as.dist cor is mahalanobis median p.adjust pchisq points
ppoints qchisq sd
Consider adding
importFrom("graphics", "abline", "points")
importFrom("methods", "is")
importFrom("stats", "as.dist", "cor", "mahalanobis", "median",
"p.adjust", "pchisq", "ppoints", "qchisq", "sd")
to your NAMESPACE file (and ensure that your DESCRIPTION Imports field
contains 'methods').
Flavors: r-devel-linux-x86_64-debian-clang, r-devel-linux-x86_64-debian-gcc, r-devel-linux-x86_64-fedora-clang, r-devel-linux-x86_64-fedora-gcc, r-devel-windows-ix86+x86_64, r-patched-linux-x86_64, r-patched-solaris-x86, r-release-linux-x86_64, r-release-macos-x86_64, r-release-windows-ix86+x86_64
Version: 1.0
Check: R code for possible problems
Result: NOTE
fs.agreement.part: no visible global function definition for ‘as.dist’
fs.agreement.part: no visible global function definition for ‘cor’
fs.leave.k.out.combn: no visible global function definition for ‘sd’
fs.leave.k.out.sample: no visible global function definition for ‘sd’
fs.rd: no visible global function definition for ‘pchisq’
fs.selection: no visible global function definition for ‘p.adjust’
plot.FIT: no visible global function definition for ‘qchisq’
plot.FIT: no visible global function definition for ‘ppoints’
plot.FIT: no visible global function definition for ‘plot’
plot.FIT: no visible global function definition for ‘points’
plot.FIT: no visible global function definition for ‘abline’
plotJn: no visible global function definition for ‘plot’
plotJn: no visible global function definition for ‘points’
robust.distance.signed: no visible global function definition for
‘mahalanobis’
snowball: no visible global function definition for ‘is’
snowball: no visible global function definition for ‘median’
weight.sd: no visible binding for global variable ‘sd’
Undefined global functions or variables:
abline as.dist cor is mahalanobis median p.adjust pchisq plot points
ppoints qchisq sd
Consider adding
importFrom("graphics", "abline", "plot", "points")
importFrom("methods", "is")
importFrom("stats", "as.dist", "cor", "mahalanobis", "median",
"p.adjust", "pchisq", "ppoints", "qchisq", "sd")
to your NAMESPACE file (and ensure that your DESCRIPTION Imports field
contains 'methods').
Flavors: r-oldrel-macos-x86_64, r-oldrel-windows-ix86+x86_64