Last updated on 2021-01-25 00:47:55 CET.
Flavor | Version | Tinstall | Tcheck | Ttotal | Status | Flags |
---|---|---|---|---|---|---|
r-devel-linux-x86_64-debian-clang | 0.2.0 | 8.01 | 72.24 | 80.25 | OK | |
r-devel-linux-x86_64-debian-gcc | 0.2.0 | 5.79 | 54.94 | 60.73 | OK | |
r-devel-linux-x86_64-fedora-clang | 0.2.0 | 102.70 | OK | |||
r-devel-linux-x86_64-fedora-gcc | 0.2.0 | 97.59 | OK | |||
r-devel-windows-ix86+x86_64 | 0.2.0 | 4.00 | 10.00 | 14.00 | ERROR | |
r-patched-linux-x86_64 | 0.2.0 | 7.17 | 67.08 | 74.25 | OK | |
r-patched-solaris-x86 | 0.2.0 | 126.70 | OK | |||
r-release-linux-x86_64 | 0.2.0 | 7.12 | 65.95 | 73.07 | OK | |
r-release-macos-x86_64 | 0.2.0 | OK | ||||
r-release-windows-ix86+x86_64 | 0.2.0 | 16.00 | 96.00 | 112.00 | ERROR | |
r-oldrel-macos-x86_64 | 0.2.0 | OK | ||||
r-oldrel-windows-ix86+x86_64 | 0.2.0 | 3.00 | 6.00 | 9.00 | ERROR |
Version: 0.2.0
Check: whether package can be installed
Result: ERROR
Installation failed.
Flavors: r-devel-windows-ix86+x86_64, r-release-windows-ix86+x86_64, r-oldrel-windows-ix86+x86_64