CRAN Package Check Results for Package DescrTab2

Last updated on 2021-01-25 00:47:55 CET.

Flavor Version Tinstall Tcheck Ttotal Status Flags
r-devel-linux-x86_64-debian-clang 2.0.3 13.32 173.61 186.93 OK
r-devel-linux-x86_64-debian-gcc 2.0.3 10.47 131.32 141.79 OK
r-devel-linux-x86_64-fedora-clang 2.0.3 230.83 NOTE
r-devel-linux-x86_64-fedora-gcc 2.0.3 228.63 NOTE
r-devel-windows-ix86+x86_64 2.0.3 31.00 224.00 255.00 OK
r-patched-linux-x86_64 2.0.3 10.38 165.77 176.15 OK
r-patched-solaris-x86 2.0.3 287.00 NOTE
r-release-linux-x86_64 2.0.3 12.92 164.27 177.19 OK
r-release-macos-x86_64 2.0.3 NOTE
r-release-windows-ix86+x86_64 2.0.3 52.00 226.00 278.00 OK
r-oldrel-macos-x86_64 2.0.3 ERROR

Check Details

Version: 2.0.3
Check: dependencies in R code
Result: NOTE
    Namespace in Imports field not imported from: ‘tidyselect’
     All declared Imports should be used.
Flavors: r-devel-linux-x86_64-fedora-clang, r-devel-linux-x86_64-fedora-gcc, r-patched-solaris-x86, r-release-macos-x86_64

Version: 2.0.3
Check: whether package can be installed
Result: ERROR
    Installation failed.
Flavor: r-oldrel-macos-x86_64