Last updated on 2021-01-25 00:47:55 CET.
Flavor | Version | Tinstall | Tcheck | Ttotal | Status | Flags |
---|---|---|---|---|---|---|
r-devel-linux-x86_64-debian-clang | 1.1 | 22.48 | 200.18 | 222.66 | OK | |
r-devel-linux-x86_64-debian-gcc | 1.1 | 18.72 | 149.30 | 168.02 | OK | |
r-devel-linux-x86_64-fedora-clang | 1.1 | 267.00 | OK | |||
r-devel-linux-x86_64-fedora-gcc | 1.1 | 265.23 | OK | |||
r-devel-windows-ix86+x86_64 | 1.1 | 52.00 | 220.00 | 272.00 | OK | |
r-patched-linux-x86_64 | 1.1 | 14.96 | 182.14 | 197.10 | OK | |
r-patched-solaris-x86 | 1.1 | 366.20 | OK | |||
r-release-linux-x86_64 | 1.1 | 14.80 | 177.97 | 192.77 | OK | |
r-release-macos-x86_64 | 1.1 | OK | ||||
r-release-windows-ix86+x86_64 | 1.1 | 55.00 | 171.00 | 226.00 | OK | |
r-oldrel-macos-x86_64 | 1.1 | ERROR | ||||
r-oldrel-windows-ix86+x86_64 | 1.1 | 40.00 | 175.00 | 215.00 | OK |
Version: 1.1
Check: package dependencies
Result: ERROR
Package required but not available: ‘WGCNA’
See section ‘The DESCRIPTION file’ in the ‘Writing R Extensions’
manual.
Flavor: r-oldrel-macos-x86_64