Last updated on 2021-01-25 00:47:55 CET.
Flavor | Version | Tinstall | Tcheck | Ttotal | Status | Flags |
---|---|---|---|---|---|---|
r-devel-linux-x86_64-debian-clang | 1.1-5 | 13.39 | 121.40 | 134.79 | NOTE | |
r-devel-linux-x86_64-debian-gcc | 1.1-5 | 14.21 | 89.92 | 104.13 | NOTE | |
r-devel-linux-x86_64-fedora-clang | 1.1-5 | 178.00 | NOTE | |||
r-devel-linux-x86_64-fedora-gcc | 1.1-5 | 167.83 | NOTE | |||
r-devel-windows-ix86+x86_64 | 1.1-5 | 28.00 | 138.00 | 166.00 | OK | |
r-patched-linux-x86_64 | 1.1-5 | 13.96 | 110.78 | 124.74 | NOTE | |
r-patched-solaris-x86 | 1.1-5 | 204.60 | NOTE | |||
r-release-linux-x86_64 | 1.1-5 | 15.77 | 111.54 | 127.31 | NOTE | |
r-release-macos-x86_64 | 1.1-5 | OK | ||||
r-release-windows-ix86+x86_64 | 1.1-5 | 34.00 | 108.00 | 142.00 | OK | |
r-oldrel-macos-x86_64 | 1.1-5 | OK | ||||
r-oldrel-windows-ix86+x86_64 | 1.1-5 | 20.00 | 114.00 | 134.00 | OK |
Version: 1.1-5
Check: Rd cross-references
Result: NOTE
Unknown package 'planor' in Rd xrefs
Flavors: r-devel-linux-x86_64-debian-clang, r-devel-linux-x86_64-debian-gcc, r-devel-linux-x86_64-fedora-gcc, r-patched-linux-x86_64, r-patched-solaris-x86, r-release-linux-x86_64
Version: 1.1-5
Check: Rd cross-references
Result: NOTE
Undeclared packages ‘FrF2’, ‘DoE.wrapper’, ‘sfsmisc’, ‘DoE.MIParray’, ‘planor’ in Rd xrefs
Unknown package ‘planor’ in Rd xrefs
Flavor: r-devel-linux-x86_64-fedora-clang