Last updated on 2021-01-25 00:47:57 CET.
Flavor | Version | Tinstall | Tcheck | Ttotal | Status | Flags |
---|---|---|---|---|---|---|
r-devel-linux-x86_64-debian-clang | 1.5 | 9.99 | 79.61 | 89.60 | OK | |
r-devel-linux-x86_64-debian-gcc | 1.5 | 7.21 | 60.29 | 67.50 | OK | |
r-devel-linux-x86_64-fedora-clang | 1.5 | 115.28 | NOTE | |||
r-devel-linux-x86_64-fedora-gcc | 1.5 | 107.97 | OK | |||
r-devel-windows-ix86+x86_64 | 1.5 | 19.00 | 102.00 | 121.00 | OK | |
r-patched-linux-x86_64 | 1.5 | 8.36 | 73.48 | 81.84 | OK | |
r-patched-solaris-x86 | 1.5 | 159.60 | OK | |||
r-release-linux-x86_64 | 1.5 | 8.05 | 74.57 | 82.62 | OK | |
r-release-macos-x86_64 | 1.5 | OK | ||||
r-release-windows-ix86+x86_64 | 1.5 | 17.00 | 106.00 | 123.00 | OK | |
r-oldrel-macos-x86_64 | 1.5 | OK | ||||
r-oldrel-windows-ix86+x86_64 | 1.5 | 12.00 | 83.00 | 95.00 | OK |
Version: 1.5
Check: Rd cross-references
Result: NOTE
Undeclared packages ‘MLEcens’, ‘Icens’ in Rd xrefs
Flavor: r-devel-linux-x86_64-fedora-clang