CRAN Package Check Results for Package Formula

Last updated on 2021-01-25 00:47:57 CET.

Flavor Version Tinstall Tcheck Ttotal Status Flags
r-devel-linux-x86_64-debian-clang 1.2-4 1.94 38.22 40.16 OK
r-devel-linux-x86_64-debian-gcc 1.2-4 1.61 30.03 31.64 OK
r-devel-linux-x86_64-fedora-clang 1.2-4 60.04 OK
r-devel-linux-x86_64-fedora-gcc 1.2-4 50.82 OK
r-devel-windows-ix86+x86_64 1.2-4 6.00 63.00 69.00 OK
r-patched-linux-x86_64 1.2-4 2.15 37.09 39.24 OK
r-patched-solaris-x86 1.2-4 66.90 OK
r-release-linux-x86_64 1.2-4 1.95 32.60 34.55 WARN
r-release-macos-x86_64 1.2-4 OK
r-release-windows-ix86+x86_64 1.2-4 8.00 39.00 47.00 OK
r-oldrel-macos-x86_64 1.2-4 OK
r-oldrel-windows-ix86+x86_64 1.2-4 4.00 59.00 63.00 OK

Check Details

Version: 1.2-4
Check: re-building of vignette outputs
Result: WARN
    Error(s) in re-building vignettes:
     ...
    --- re-building ‘Formula.Rnw’ using Sweave
    Error: processing vignette 'Formula.Rnw' failed with diagnostics:
    Running ‘texi2dvi’ on ‘Formula.tex’ failed.
    LaTeX errors:
    ! Undefined control sequence.
    <recently read> \Hy@colorlink
    
    l.64 \begin{document}
    
    ! Undefined control sequence.
    \close@pdflink ->\Hy@endcolorlink
     \Hy@VerboseLinkStop \pdfendlink
    l.64 \begin{document}
    
    ! Undefined control sequence.
    <recently read> \Hy@colorlink
    
    l.64 \begin{document}
    
    ! Undefined control sequence.
    \close@pdflink ->\Hy@endcolorlink
     \Hy@VerboseLinkStop \pdfendlink
    l.64 \begin{document}
    
    --- failed re-building ‘Formula.Rnw’
    
    SUMMARY: processing the following file failed:
     ‘Formula.Rnw’
    
    Error: Vignette re-building failed.
    Execution halted
Flavor: r-release-linux-x86_64