Last updated on 2021-01-25 00:47:58 CET.
Flavor | Version | Tinstall | Tcheck | Ttotal | Status | Flags |
---|---|---|---|---|---|---|
r-devel-linux-x86_64-debian-clang | 0.1.0 | 11.71 | 96.68 | 108.39 | OK | |
r-devel-linux-x86_64-debian-gcc | 0.1.0 | 6.30 | 71.29 | 77.59 | OK | |
r-devel-linux-x86_64-fedora-clang | 0.1.0 | 133.75 | NOTE | |||
r-devel-linux-x86_64-fedora-gcc | 0.1.0 | 126.00 | NOTE | |||
r-devel-windows-ix86+x86_64 | 0.1.0 | 24.00 | 123.00 | 147.00 | OK | |
r-patched-linux-x86_64 | 0.1.0 | 8.59 | 89.46 | 98.05 | OK | |
r-patched-solaris-x86 | 0.1.0 | 162.30 | NOTE | |||
r-release-linux-x86_64 | 0.1.0 | 10.33 | 89.96 | 100.29 | OK | |
r-release-macos-x86_64 | 0.1.0 | NOTE | ||||
r-release-windows-ix86+x86_64 | 0.1.0 | 27.00 | 121.00 | 148.00 | OK | |
r-oldrel-macos-x86_64 | 0.1.0 | NOTE | ||||
r-oldrel-windows-ix86+x86_64 | 0.1.0 | 17.00 | 104.00 | 121.00 | OK |
Version: 0.1.0
Check: dependencies in R code
Result: NOTE
Namespace in Imports field not imported from: ‘survAUC’
All declared Imports should be used.
Flavors: r-devel-linux-x86_64-fedora-clang, r-devel-linux-x86_64-fedora-gcc, r-patched-solaris-x86, r-release-macos-x86_64, r-oldrel-macos-x86_64