Last updated on 2021-01-25 00:47:59 CET.
Flavor | Version | Tinstall | Tcheck | Ttotal | Status | Flags |
---|---|---|---|---|---|---|
r-devel-linux-x86_64-debian-clang | 0.5-5.1 | 36.80 | 232.45 | 269.25 | NOTE | |
r-devel-linux-x86_64-debian-gcc | 0.5-5.1 | 32.96 | 174.05 | 207.01 | NOTE | |
r-devel-linux-x86_64-fedora-clang | 0.5-5.1 | 327.18 | NOTE | |||
r-devel-linux-x86_64-fedora-gcc | 0.5-5.1 | 335.81 | NOTE | |||
r-devel-windows-ix86+x86_64 | 0.5-5.1 | 76.00 | 283.00 | 359.00 | OK | |
r-patched-linux-x86_64 | 0.5-5.1 | 35.68 | 216.34 | 252.02 | NOTE | |
r-patched-solaris-x86 | 0.5-5.1 | 450.70 | NOTE | |||
r-release-linux-x86_64 | 0.5-5.1 | 37.70 | 214.95 | 252.65 | NOTE | |
r-release-macos-x86_64 | 0.5-5.1 | NOTE | ||||
r-release-windows-ix86+x86_64 | 0.5-5.1 | 84.00 | 270.00 | 354.00 | OK | |
r-oldrel-macos-x86_64 | 0.5-5.1 | OK | ||||
r-oldrel-windows-ix86+x86_64 | 0.5-5.1 | 47.00 | 217.00 | 264.00 | OK |
Version: 0.5-5.1
Check: package dependencies
Result: NOTE
Package suggested but not available for checking: 'SDMTools'
Flavors: r-devel-linux-x86_64-debian-clang, r-devel-linux-x86_64-debian-gcc, r-devel-linux-x86_64-fedora-clang, r-devel-linux-x86_64-fedora-gcc, r-patched-linux-x86_64, r-patched-solaris-x86, r-release-linux-x86_64, r-release-macos-x86_64
Version: 0.5-5.1
Check: for non-standard things in the check directory
Result: NOTE
Found the following files/directories:
'ORCDRC.txt'
Flavors: r-devel-linux-x86_64-debian-clang, r-devel-linux-x86_64-debian-gcc, r-devel-linux-x86_64-fedora-clang, r-devel-linux-x86_64-fedora-gcc, r-patched-linux-x86_64, r-patched-solaris-x86, r-release-linux-x86_64