CRAN Package Check Results for Package GenomeAdmixR

Last updated on 2021-01-25 00:47:58 CET.

Flavor Version Tinstall Tcheck Ttotal Status Flags
r-devel-linux-x86_64-debian-clang 1.1.2 73.80 356.59 430.39 OK
r-devel-linux-x86_64-debian-gcc 1.1.2 49.49 337.91 387.40 OK
r-devel-linux-x86_64-fedora-clang 1.1.2 575.34 NOTE
r-devel-linux-x86_64-fedora-gcc 1.1.2 652.38 OK
r-devel-windows-ix86+x86_64 1.1.2 181.00 594.00 775.00 OK
r-patched-linux-x86_64 1.1.2 56.28 433.73 490.01 OK
r-patched-solaris-x86 1.1.2 2365.90 ERROR
r-release-linux-x86_64 1.1.2 60.17 439.66 499.83 OK
r-release-macos-x86_64 1.1.2 OK
r-release-windows-ix86+x86_64 1.1.2 179.00 575.00 754.00 OK
r-oldrel-macos-x86_64 1.1.2 OK
r-oldrel-windows-ix86+x86_64 1.1.2 142.00 541.00 683.00 OK

Additional issues

valgrind

Check Details

Version: 1.1.2
Check: installed package size
Result: NOTE
     installed size is 5.1Mb
     sub-directories of 1Mb or more:
     doc 2.3Mb
     libs 2.6Mb
Flavor: r-devel-linux-x86_64-fedora-clang

Version: 1.1.2
Check: tests
Result: ERROR
     Running ‘testthat.R’ [30m/33m]
    Running the tests in ‘tests/testthat.R’ failed.
    Complete output:
     > library(testthat)
     > library(GenomeAdmixR) # nolint
     >
     > test_check("GenomeAdmixR")
Flavor: r-patched-solaris-x86