Last updated on 2021-01-25 00:47:58 CET.
Flavor | Version | Tinstall | Tcheck | Ttotal | Status | Flags |
---|---|---|---|---|---|---|
r-devel-linux-x86_64-debian-clang | 0.1.0 | 5.14 | 44.25 | 49.39 | OK | |
r-devel-linux-x86_64-debian-gcc | 0.1.0 | 3.42 | 34.08 | 37.50 | OK | |
r-devel-linux-x86_64-fedora-clang | 0.1.0 | 69.50 | NOTE | |||
r-devel-linux-x86_64-fedora-gcc | 0.1.0 | 57.24 | NOTE | |||
r-devel-windows-ix86+x86_64 | 0.1.0 | 10.00 | 64.00 | 74.00 | OK | |
r-patched-linux-x86_64 | 0.1.0 | 4.05 | 42.20 | 46.25 | OK | |
r-patched-solaris-x86 | 0.1.0 | 79.30 | NOTE | |||
r-release-linux-x86_64 | 0.1.0 | 4.32 | 42.22 | 46.54 | OK | |
r-release-macos-x86_64 | 0.1.0 | NOTE | ||||
r-release-windows-ix86+x86_64 | 0.1.0 | 22.00 | 66.00 | 88.00 | OK | |
r-oldrel-macos-x86_64 | 0.1.0 | NOTE | ||||
r-oldrel-windows-ix86+x86_64 | 0.1.0 | 7.00 | 55.00 | 62.00 | OK |
Version: 0.1.0
Check: dependencies in R code
Result: NOTE
Namespace in Imports field not imported from: ‘velociraptr’
All declared Imports should be used.
Flavors: r-devel-linux-x86_64-fedora-clang, r-devel-linux-x86_64-fedora-gcc, r-patched-solaris-x86, r-release-macos-x86_64, r-oldrel-macos-x86_64