CRAN Package Check Results for Package ImaginR

Last updated on 2021-01-25 00:48:00 CET.

Flavor Version Tinstall Tcheck Ttotal Status Flags
r-devel-linux-x86_64-debian-clang 0.1.7 3.06 34.34 37.40 OK
r-devel-linux-x86_64-debian-gcc 0.1.7 2.61 27.48 30.09 OK
r-devel-linux-x86_64-fedora-clang 0.1.7 55.10 NOTE
r-devel-linux-x86_64-fedora-gcc 0.1.7 46.10 NOTE
r-devel-windows-ix86+x86_64 0.1.7 8.00 61.00 69.00 OK
r-patched-linux-x86_64 0.1.7 3.34 33.55 36.89 OK
r-patched-solaris-x86 0.1.7 85.60 NOTE
r-release-linux-x86_64 0.1.7 3.16 34.25 37.41 OK
r-release-macos-x86_64 0.1.7 NOTE
r-release-windows-ix86+x86_64 0.1.7 13.00 56.00 69.00 OK
r-oldrel-macos-x86_64 0.1.7 NOTE
r-oldrel-windows-ix86+x86_64 0.1.7 5.00 54.00 59.00 OK

Check Details

Version: 0.1.7
Check: dependencies in R code
Result: NOTE
    Namespace in Imports field not imported from: ‘jpeg’
     All declared Imports should be used.
Flavors: r-devel-linux-x86_64-fedora-clang, r-devel-linux-x86_64-fedora-gcc, r-patched-solaris-x86, r-release-macos-x86_64, r-oldrel-macos-x86_64