Last updated on 2021-01-25 00:48:02 CET.
Flavor | Version | Tinstall | Tcheck | Ttotal | Status | Flags |
---|---|---|---|---|---|---|
r-devel-linux-x86_64-debian-clang | 0.1.6 | 8.68 | 82.26 | 90.94 | OK | |
r-devel-linux-x86_64-debian-gcc | 0.1.6 | 6.94 | 61.68 | 68.62 | OK | |
r-devel-linux-x86_64-fedora-clang | 0.1.6 | 121.52 | OK | |||
r-devel-linux-x86_64-fedora-gcc | 0.1.6 | 113.20 | OK | |||
r-devel-windows-ix86+x86_64 | 0.1.6 | 20.00 | 109.00 | 129.00 | OK | |
r-patched-linux-x86_64 | 0.1.6 | 8.61 | 76.77 | 85.38 | OK | |
r-patched-solaris-x86 | 0.1.6 | 158.10 | OK | |||
r-release-linux-x86_64 | 0.1.6 | 8.52 | 76.56 | 85.08 | OK | |
r-release-macos-x86_64 | 0.1.6 | OK | ||||
r-release-windows-ix86+x86_64 | 0.1.6 | 32.00 | 111.00 | 143.00 | OK | |
r-oldrel-macos-x86_64 | 0.1.6 | WARN | ||||
r-oldrel-windows-ix86+x86_64 | 0.1.6 | 15.00 | 98.00 | 113.00 | WARN |
Version: 0.1.6
Check: re-building of vignette outputs
Result: WARN
Error(s) in re-building vignettes:
...
--- re-building ‘LMoFit.Rmd’ using rmarkdown
Warning in engine$weave(file, quiet = quiet, encoding = enc) :
Pandoc (>= 1.12.3) and/or pandoc-citeproc not available. Falling back to R Markdown v1.
Quitting from lines 236-237 (LMoFit.Rmd)
Error: processing vignette 'LMoFit.Rmd' failed with diagnostics:
Invalid unit
--- failed re-building ‘LMoFit.Rmd’
SUMMARY: processing the following file failed:
‘LMoFit.Rmd’
Error: Vignette re-building failed.
Execution halted
Flavor: r-oldrel-macos-x86_64
Version: 0.1.6
Check: re-building of vignette outputs
Result: WARN
Error(s) in re-building vignettes:
--- re-building 'LMoFit.Rmd' using rmarkdown
Quitting from lines 236-237 (LMoFit.Rmd)
Error: processing vignette 'LMoFit.Rmd' failed with diagnostics:
Invalid unit
--- failed re-building 'LMoFit.Rmd'
SUMMARY: processing the following file failed:
'LMoFit.Rmd'
Error: Vignette re-building failed.
Execution halted
Flavor: r-oldrel-windows-ix86+x86_64