CRAN Package Check Results for Package LOGAN

Last updated on 2021-01-25 00:48:02 CET.

Flavor Version Tinstall Tcheck Ttotal Status Flags
r-devel-linux-x86_64-debian-clang 1.0.0 3.97 32.56 36.53 OK
r-devel-linux-x86_64-debian-gcc 1.0.0 2.98 27.97 30.95 OK
r-devel-linux-x86_64-fedora-clang 1.0.0 56.66 NOTE
r-devel-linux-x86_64-fedora-gcc 1.0.0 46.36 NOTE
r-devel-windows-ix86+x86_64 1.0.0 8.00 53.00 61.00 OK
r-patched-linux-x86_64 1.0.0 4.33 35.39 39.72 OK
r-patched-solaris-x86 1.0.0 69.50 NOTE
r-release-linux-x86_64 1.0.0 4.06 35.43 39.49 OK
r-release-macos-x86_64 1.0.0 NOTE
r-release-windows-ix86+x86_64 1.0.0 25.00 55.00 80.00 OK
r-oldrel-macos-x86_64 1.0.0 NOTE
r-oldrel-windows-ix86+x86_64 1.0.0 6.00 52.00 58.00 OK

Check Details

Version: 1.0.0
Check: dependencies in R code
Result: NOTE
    Namespace in Imports field not imported from: ‘modules’
     All declared Imports should be used.
Flavors: r-devel-linux-x86_64-fedora-clang, r-devel-linux-x86_64-fedora-gcc, r-patched-solaris-x86, r-release-macos-x86_64, r-oldrel-macos-x86_64