CRAN Package Check Results for Package LSAmitR

Last updated on 2021-01-25 00:48:02 CET.

Flavor Version Tinstall Tcheck Ttotal Status Flags
r-devel-linux-x86_64-debian-clang 1.0-2 12.15 117.43 129.58 OK
r-devel-linux-x86_64-debian-gcc 1.0-2 9.97 88.43 98.40 OK
r-devel-linux-x86_64-fedora-clang 1.0-2 164.08 NOTE
r-devel-linux-x86_64-fedora-gcc 1.0-2 157.87 NOTE
r-devel-windows-ix86+x86_64 1.0-2 32.00 150.00 182.00 OK
r-patched-linux-x86_64 1.0-2 9.19 109.07 118.26 OK
r-patched-solaris-x86 1.0-2 227.30 NOTE
r-release-linux-x86_64 1.0-2 11.51 108.85 120.36 OK
r-release-macos-x86_64 1.0-2 NOTE
r-release-windows-ix86+x86_64 1.0-2 31.00 150.00 181.00 OK
r-oldrel-macos-x86_64 1.0-2 NOTE
r-oldrel-windows-ix86+x86_64 1.0-2 23.00 140.00 163.00 OK

Check Details

Version: 1.0-2
Check: data for non-ASCII characters
Result: NOTE
     Note: found 55 marked UTF-8 strings
Flavors: r-devel-linux-x86_64-fedora-clang, r-devel-linux-x86_64-fedora-gcc, r-patched-solaris-x86, r-release-macos-x86_64, r-oldrel-macos-x86_64