Last updated on 2021-01-25 00:48:02 CET.
Flavor | Version | Tinstall | Tcheck | Ttotal | Status | Flags |
---|---|---|---|---|---|---|
r-devel-linux-x86_64-debian-clang | 0.9.6 | 14.59 | 258.65 | 273.24 | OK | |
r-devel-linux-x86_64-debian-gcc | 0.9.6 | 11.06 | 200.20 | 211.26 | OK | |
r-devel-linux-x86_64-fedora-clang | 0.9.6 | 336.77 | NOTE | |||
r-devel-linux-x86_64-fedora-gcc | 0.9.6 | 270.65 | NOTE | |||
r-devel-windows-ix86+x86_64 | 0.9.6 | 33.00 | 284.00 | 317.00 | OK | |
r-patched-linux-x86_64 | 0.9.6 | 9.48 | 257.96 | 267.44 | OK | |
r-patched-solaris-x86 | 0.9.6 | 769.60 | NOTE | |||
r-release-linux-x86_64 | 0.9.6 | 12.59 | 254.79 | 267.38 | OK | |
r-release-macos-x86_64 | 0.9.6 | NOTE | ||||
r-release-windows-ix86+x86_64 | 0.9.6 | 33.00 | 298.00 | 331.00 | OK | |
r-oldrel-macos-x86_64 | 0.9.6 | NOTE | ||||
r-oldrel-windows-ix86+x86_64 | 0.9.6 | 24.00 | 283.00 | 307.00 | OK |
Version: 0.9.6
Check: dependencies in R code
Result: NOTE
Namespaces in Imports field not imported from:
‘e1071’ ‘grDevices’
All declared Imports should be used.
Flavors: r-devel-linux-x86_64-fedora-clang, r-devel-linux-x86_64-fedora-gcc, r-patched-solaris-x86, r-release-macos-x86_64, r-oldrel-macos-x86_64
Version: 0.9.6
Check: data for non-ASCII characters
Result: NOTE
Note: found 2096 marked UTF-8 strings
Flavors: r-devel-linux-x86_64-fedora-clang, r-devel-linux-x86_64-fedora-gcc, r-patched-solaris-x86, r-release-macos-x86_64, r-oldrel-macos-x86_64