Last updated on 2021-01-25 00:48:02 CET.
Flavor | Version | Tinstall | Tcheck | Ttotal | Status | Flags |
---|---|---|---|---|---|---|
r-devel-linux-x86_64-debian-clang | 1.1.1 | 2.52 | 61.14 | 63.66 | OK | |
r-devel-linux-x86_64-debian-gcc | 1.1.1 | 1.82 | 43.07 | 44.89 | OK | |
r-devel-linux-x86_64-fedora-clang | 1.1.1 | 81.13 | NOTE | |||
r-devel-linux-x86_64-fedora-gcc | 1.1.1 | 73.39 | NOTE | |||
r-devel-windows-ix86+x86_64 | 1.1.1 | 6.00 | 78.00 | 84.00 | OK | |
r-patched-linux-x86_64 | 1.1.1 | 2.51 | 56.12 | 58.63 | OK | |
r-patched-solaris-x86 | 1.1.1 | 102.50 | NOTE | |||
r-release-linux-x86_64 | 1.1.1 | 2.57 | 56.83 | 59.40 | OK | |
r-release-macos-x86_64 | 1.1.1 | NOTE | ||||
r-release-windows-ix86+x86_64 | 1.1.1 | 4.00 | 82.00 | 86.00 | OK | |
r-oldrel-macos-x86_64 | 1.1.1 | NOTE | ||||
r-oldrel-windows-ix86+x86_64 | 1.1.1 | 4.00 | 75.00 | 79.00 | OK |
Version: 1.1.1
Check: dependencies in R code
Result: NOTE
Namespaces in Imports field not imported from:
‘Icens’ ‘interval’
All declared Imports should be used.
Flavors: r-devel-linux-x86_64-fedora-clang, r-devel-linux-x86_64-fedora-gcc, r-patched-solaris-x86, r-release-macos-x86_64, r-oldrel-macos-x86_64