CRAN Package Check Results for Package LipidMS

Last updated on 2021-01-25 00:48:02 CET.

Flavor Version Tinstall Tcheck Ttotal Status Flags
r-devel-linux-x86_64-debian-clang 2.0.0 19.57 96.75 116.32 OK
r-devel-linux-x86_64-debian-gcc 2.0.0 14.79 71.21 86.00 OK
r-devel-linux-x86_64-fedora-clang 2.0.0 145.87 OK
r-devel-linux-x86_64-fedora-gcc 2.0.0 142.12 OK
r-devel-windows-ix86+x86_64 2.0.0 38.00 144.00 182.00 OK
r-patched-linux-x86_64 2.0.0 17.51 89.03 106.54 OK
r-release-linux-x86_64 2.0.0 18.47 88.81 107.28 OK
r-release-macos-x86_64 2.0.0 OK
r-release-windows-ix86+x86_64 2.0.0 37.00 137.00 174.00 OK
r-oldrel-macos-x86_64 2.0.0 ERROR
r-oldrel-windows-ix86+x86_64 1.2.0 20.00 87.00 107.00 OK

Check Details

Version: 2.0.0
Check: whether package can be installed
Result: ERROR
    Installation failed.
Flavor: r-oldrel-macos-x86_64