Last updated on 2021-01-25 00:48:02 CET.
Flavor | Version | Tinstall | Tcheck | Ttotal | Status | Flags |
---|---|---|---|---|---|---|
r-devel-linux-x86_64-debian-clang | 0.1.3 | 8.08 | 368.67 | 376.75 | OK | |
r-devel-linux-x86_64-debian-gcc | 0.1.3 | 6.84 | 262.96 | 269.80 | OK | |
r-devel-linux-x86_64-fedora-clang | 0.1.3 | 434.30 | NOTE | |||
r-devel-linux-x86_64-fedora-gcc | 0.1.3 | 413.09 | OK | |||
r-devel-windows-ix86+x86_64 | 0.1.3 | 17.00 | 395.00 | 412.00 | OK | |
r-patched-linux-x86_64 | 0.1.3 | 7.95 | 355.23 | 363.18 | OK | |
r-patched-solaris-x86 | 0.1.3 | 2022.70 | WARN | |||
r-release-linux-x86_64 | 0.1.3 | 9.58 | 345.44 | 355.02 | OK | |
r-release-macos-x86_64 | 0.1.3 | OK | ||||
r-release-windows-ix86+x86_64 | 0.1.3 | 15.00 | 397.00 | 412.00 | OK | |
r-oldrel-macos-x86_64 | 0.1.3 | OK | ||||
r-oldrel-windows-ix86+x86_64 | 0.1.3 | 11.00 | 405.00 | 416.00 | OK |
Version: 0.1.3
Check: Rd cross-references
Result: NOTE
Undeclared package ‘gemtc’ in Rd xrefs
Flavor: r-devel-linux-x86_64-fedora-clang
Version: 0.1.3
Check: re-building of vignette outputs
Result: WARN
Error(s) in re-building vignettes:
...
--- re-building ‘MBNMAtime.Rmd’ using rmarkdown
Warning in engine$weave(file, quiet = quiet, encoding = enc) :
Pandoc (>= 1.12.3) and/or pandoc-citeproc not available. Falling back to R Markdown v1.
Reference treatment is `plac`
ET50 parameters (beta.2) are on exponential scale to ensure they take positive values on the natural scale
Flavor: r-patched-solaris-x86