Last updated on 2021-01-25 00:48:03 CET.
Flavor | Version | Tinstall | Tcheck | Ttotal | Status | Flags |
---|---|---|---|---|---|---|
r-devel-linux-x86_64-debian-clang | 0.6 | 6.89 | 121.02 | 127.91 | OK | |
r-devel-linux-x86_64-debian-gcc | 0.6 | 6.80 | 88.36 | 95.16 | OK | |
r-devel-linux-x86_64-fedora-clang | 0.6 | 155.29 | NOTE | |||
r-devel-linux-x86_64-fedora-gcc | 0.6 | 148.74 | OK | |||
r-devel-windows-ix86+x86_64 | 0.6 | 19.00 | 150.00 | 169.00 | OK | |
r-patched-linux-x86_64 | 0.6 | 7.42 | 114.22 | 121.64 | OK | |
r-patched-solaris-x86 | 0.6 | 187.00 | OK | |||
r-release-linux-x86_64 | 0.6 | 8.15 | 111.60 | 119.75 | OK | |
r-release-macos-x86_64 | 0.6 | OK | ||||
r-release-windows-ix86+x86_64 | 0.6 | 20.00 | 149.00 | 169.00 | OK | |
r-oldrel-macos-x86_64 | 0.6 | OK | ||||
r-oldrel-windows-ix86+x86_64 | 0.6 | 14.00 | 141.00 | 155.00 | OK |
Version: 0.6
Check: Rd cross-references
Result: NOTE
Undeclared package ‘Hmisc’ in Rd xrefs
Flavor: r-devel-linux-x86_64-fedora-clang