Last updated on 2021-01-25 00:48:03 CET.
Flavor | Version | Tinstall | Tcheck | Ttotal | Status | Flags |
---|---|---|---|---|---|---|
r-devel-linux-x86_64-debian-clang | 1.13.0 | 62.78 | 185.47 | 248.25 | OK | |
r-devel-linux-x86_64-debian-gcc | 1.13.0 | 40.72 | 142.13 | 182.85 | OK | |
r-devel-linux-x86_64-fedora-clang | 1.13.0 | 306.96 | NOTE | |||
r-devel-linux-x86_64-fedora-gcc | 1.13.0 | 286.49 | OK | |||
r-devel-windows-ix86+x86_64 | 1.13.0 | 125.00 | 265.00 | 390.00 | OK | |
r-patched-linux-x86_64 | 1.13.0 | 50.13 | 173.52 | 223.65 | OK | |
r-patched-solaris-x86 | 1.13.0 | 320.40 | OK | |||
r-release-linux-x86_64 | 1.13.0 | 52.34 | 176.48 | 228.82 | OK | |
r-release-macos-x86_64 | 1.13.0 | NOTE | ||||
r-release-windows-ix86+x86_64 | 1.13.0 | 90.00 | 273.00 | 363.00 | OK | |
r-oldrel-macos-x86_64 | 1.13.0 | NOTE | ||||
r-oldrel-windows-ix86+x86_64 | 1.13.0 | 88.00 | 252.00 | 340.00 | OK |
Version: 1.13.0
Check: installed package size
Result: NOTE
installed size is 10.5Mb
sub-directories of 1Mb or more:
libs 9.3Mb
Flavors: r-devel-linux-x86_64-fedora-clang, r-release-macos-x86_64, r-oldrel-macos-x86_64