CRAN Package Check Results for Package MetaStan

Last updated on 2021-01-25 00:48:03 CET.

Flavor Version Tinstall Tcheck Ttotal Status Flags
r-devel-linux-x86_64-debian-clang 0.2.0 918.42 152.75 1071.17 NOTE
r-devel-linux-x86_64-debian-gcc 0.2.0 685.06 146.93 831.99 NOTE
r-devel-linux-x86_64-fedora-clang 0.2.0 1458.93 NOTE
r-devel-linux-x86_64-fedora-gcc 0.2.0 1555.82 NOTE
r-devel-windows-ix86+x86_64 0.2.0 1184.00 8.00 1192.00 ERROR
r-patched-linux-x86_64 0.2.0 581.75 187.00 768.75 NOTE
r-patched-solaris-x86 0.2.0 1352.60 NOTE
r-release-linux-x86_64 0.2.0 712.58 186.94 899.52 NOTE
r-release-macos-x86_64 0.2.0 NOTE
r-release-windows-ix86+x86_64 0.2.0 1917.00 342.00 2259.00 NOTE
r-oldrel-macos-x86_64 0.2.0 NOTE
r-oldrel-windows-ix86+x86_64 0.2.0 1537.00 293.00 1830.00 NOTE

Check Details

Version: 0.2.0
Check: for GNU extensions in Makefiles
Result: NOTE
    GNU make is a SystemRequirements.
Flavors: r-devel-linux-x86_64-debian-clang, r-devel-linux-x86_64-debian-gcc, r-devel-linux-x86_64-fedora-clang, r-devel-linux-x86_64-fedora-gcc, r-patched-linux-x86_64, r-patched-solaris-x86, r-release-linux-x86_64, r-release-macos-x86_64, r-release-windows-ix86+x86_64, r-oldrel-macos-x86_64, r-oldrel-windows-ix86+x86_64

Version: 0.2.0
Check: installed package size
Result: NOTE
     installed size is 132.4Mb
     sub-directories of 1Mb or more:
     libs 132.0Mb
Flavors: r-devel-linux-x86_64-fedora-clang, r-patched-solaris-x86, r-release-macos-x86_64, r-release-windows-ix86+x86_64, r-oldrel-macos-x86_64, r-oldrel-windows-ix86+x86_64

Version: 0.2.0
Check: whether package can be installed
Result: ERROR
    Installation failed.
Flavor: r-devel-windows-ix86+x86_64