CRAN Package Check Results for Package MethComp

Last updated on 2021-01-25 00:48:03 CET.

Flavor Version Tinstall Tcheck Ttotal Status Flags
r-devel-linux-x86_64-debian-clang 1.30.0 7.08 91.84 98.92 OK
r-devel-linux-x86_64-debian-gcc 1.30.0 6.31 70.67 76.98 OK
r-devel-linux-x86_64-fedora-clang 1.30.0 126.95 NOTE
r-devel-linux-x86_64-fedora-gcc 1.30.0 117.27 OK
r-devel-windows-ix86+x86_64 1.30.0 12.00 118.00 130.00 OK
r-patched-linux-x86_64 1.30.0 6.07 86.40 92.47 OK
r-patched-solaris-x86 1.30.0 157.50 OK
r-release-linux-x86_64 1.30.0 6.45 87.34 93.79 OK
r-release-macos-x86_64 1.30.0 OK
r-release-windows-ix86+x86_64 1.30.0 11.00 112.00 123.00 OK
r-oldrel-macos-x86_64 1.30.0 OK
r-oldrel-windows-ix86+x86_64 1.30.0 10.00 95.00 105.00 OK

Check Details

Version: 1.30.0
Check: Rd cross-references
Result: NOTE
    Undeclared package ‘R2WinBUGS’ in Rd xrefs
Flavor: r-devel-linux-x86_64-fedora-clang