Last updated on 2021-01-25 00:48:03 CET.
Flavor | Version | Tinstall | Tcheck | Ttotal | Status | Flags |
---|---|---|---|---|---|---|
r-devel-linux-x86_64-debian-clang | 2.0.0 | 6.18 | 32.80 | 38.98 | OK | |
r-devel-linux-x86_64-debian-gcc | 2.0.0 | 4.67 | 25.93 | 30.60 | OK | |
r-devel-linux-x86_64-fedora-clang | 2.0.0 | 56.07 | NOTE | |||
r-devel-linux-x86_64-fedora-gcc | 2.0.0 | 45.41 | NOTE | |||
r-devel-windows-ix86+x86_64 | 2.0.0 | 17.00 | 63.00 | 80.00 | OK | |
r-patched-linux-x86_64 | 2.0.0 | 5.78 | 31.50 | 37.28 | OK | |
r-patched-solaris-x86 | 2.0.0 | 68.00 | NOTE | |||
r-release-linux-x86_64 | 2.0.0 | 5.44 | 31.48 | 36.92 | OK | |
r-release-macos-x86_64 | 2.0.0 | NOTE | ||||
r-release-windows-ix86+x86_64 | 2.0.0 | 35.00 | 69.00 | 104.00 | OK | |
r-oldrel-macos-x86_64 | 2.0.0 | NOTE | ||||
r-oldrel-windows-ix86+x86_64 | 2.0.0 | 10.00 | 58.00 | 68.00 | OK |
Version: 2.0.0
Check: dependencies in R code
Result: NOTE
Namespace in Imports field not imported from: ‘testthat’
All declared Imports should be used.
Flavors: r-devel-linux-x86_64-fedora-clang, r-devel-linux-x86_64-fedora-gcc, r-patched-solaris-x86, r-release-macos-x86_64, r-oldrel-macos-x86_64