Last updated on 2021-01-25 00:48:04 CET.
Flavor | Version | Tinstall | Tcheck | Ttotal | Status | Flags |
---|---|---|---|---|---|---|
r-devel-linux-x86_64-debian-clang | 2.0.6 | 6.83 | 119.07 | 125.90 | OK | |
r-devel-linux-x86_64-debian-gcc | 2.0.6 | 5.44 | 100.61 | 106.05 | OK | |
r-devel-linux-x86_64-fedora-clang | 2.0.6 | 165.79 | NOTE | |||
r-devel-linux-x86_64-fedora-gcc | 2.0.6 | 156.79 | OK | |||
r-devel-windows-ix86+x86_64 | 2.0.6 | 12.00 | 169.00 | 181.00 | NOTE | |
r-patched-linux-x86_64 | 2.0.6 | 6.22 | 129.76 | 135.98 | OK | |
r-patched-solaris-x86 | 2.0.6 | 432.80 | NOTE | |||
r-release-linux-x86_64 | 2.0.6 | 6.56 | 130.85 | 137.41 | OK | |
r-release-macos-x86_64 | 2.0.6 | NOTE | ||||
r-release-windows-ix86+x86_64 | 2.0.6 | 10.00 | 192.00 | 202.00 | NOTE | |
r-oldrel-macos-x86_64 | 2.0.6 | NOTE | ||||
r-oldrel-windows-ix86+x86_64 | 2.0.6 | 10.00 | 156.00 | 166.00 | NOTE |
Version: 2.0.6
Check: installed package size
Result: NOTE
installed size is 8.6Mb
sub-directories of 1Mb or more:
data 4.3Mb
reports 2.3Mb
Flavors: r-devel-linux-x86_64-fedora-clang, r-devel-windows-ix86+x86_64, r-patched-solaris-x86, r-release-macos-x86_64, r-release-windows-ix86+x86_64, r-oldrel-macos-x86_64, r-oldrel-windows-ix86+x86_64