Last updated on 2021-01-25 00:48:05 CET.
Flavor | Version | Tinstall | Tcheck | Ttotal | Status | Flags |
---|---|---|---|---|---|---|
r-devel-linux-x86_64-debian-clang | 1.10 | 8.31 | 68.63 | 76.94 | OK | |
r-devel-linux-x86_64-debian-gcc | 1.10 | 6.09 | 51.01 | 57.10 | OK | |
r-devel-linux-x86_64-fedora-clang | 1.10 | 101.49 | OK | |||
r-devel-linux-x86_64-fedora-gcc | 1.10 | 89.50 | OK | |||
r-devel-windows-ix86+x86_64 | 1.10 | 15.00 | 88.00 | 103.00 | OK | |
r-patched-linux-x86_64 | 1.10 | 8.75 | 63.14 | 71.89 | OK | |
r-patched-solaris-x86 | 1.10 | 117.60 | NOTE | |||
r-release-linux-x86_64 | 1.10 | 8.55 | 64.35 | 72.90 | OK | |
r-release-macos-x86_64 | 1.10 | OK | ||||
r-release-windows-ix86+x86_64 | 1.10 | 23.00 | 85.00 | 108.00 | OK | |
r-oldrel-macos-x86_64 | 1.10 | OK | ||||
r-oldrel-windows-ix86+x86_64 | 1.10 | 12.00 | 80.00 | 92.00 | OK |
Version: 1.10
Check: package dependencies
Result: NOTE
Package suggested but not available for checking: ‘RWeka’
Flavor: r-patched-solaris-x86