Last updated on 2021-01-25 00:48:05 CET.
Flavor | Version | Tinstall | Tcheck | Ttotal | Status | Flags |
---|---|---|---|---|---|---|
r-devel-linux-x86_64-debian-clang | 0.5.0 | 6.70 | 71.34 | 78.04 | OK | |
r-devel-linux-x86_64-debian-gcc | 0.5.0 | 5.71 | 55.00 | 60.71 | OK | |
r-devel-linux-x86_64-fedora-clang | 0.5.0 | 102.29 | NOTE | |||
r-devel-linux-x86_64-fedora-gcc | 0.5.0 | 92.07 | NOTE | |||
r-devel-windows-ix86+x86_64 | 0.5.0 | 24.00 | 95.00 | 119.00 | OK | |
r-patched-linux-x86_64 | 0.5.0 | 6.06 | 67.82 | 73.88 | OK | |
r-patched-solaris-x86 | 0.5.0 | 130.00 | NOTE | |||
r-release-linux-x86_64 | 0.5.0 | 6.53 | 69.26 | 75.79 | OK | |
r-release-macos-x86_64 | 0.5.0 | NOTE | ||||
r-release-windows-ix86+x86_64 | 0.5.0 | 34.00 | 93.00 | 127.00 | OK | |
r-oldrel-macos-x86_64 | 0.5.0 | NOTE | ||||
r-oldrel-windows-ix86+x86_64 | 0.5.0 | 11.00 | 90.00 | 101.00 | OK |
Version: 0.5.0
Check: package dependencies
Result: NOTE
Imports includes 24 non-default packages.
Importing from so many packages makes the package vulnerable to any of
them becoming unavailable. Move as many as possible to Suggests and
use conditionally.
Flavor: r-devel-linux-x86_64-fedora-clang
Version: 0.5.0
Check: dependencies in R code
Result: NOTE
Namespaces in Imports field not imported from:
‘formattable’ ‘rintrojs’ ‘shinyBS’ ‘shinyFeedback’ ‘shinyWidgets’
‘shinycssloaders’ ‘shinydashboard’ ‘shinydashboardPlus’ ‘shinyjs’
‘shinythemes’ ‘splines’ ‘testthat’ ‘tidyverse’
All declared Imports should be used.
Flavors: r-devel-linux-x86_64-fedora-clang, r-devel-linux-x86_64-fedora-gcc, r-patched-solaris-x86, r-release-macos-x86_64, r-oldrel-macos-x86_64