CRAN Package Check Results for Package PCDSpline

Last updated on 2021-01-25 00:48:05 CET.

Flavor Version Tinstall Tcheck Ttotal Status Flags
r-devel-linux-x86_64-debian-clang 1.0 3.02 33.24 36.26 NOTE
r-devel-linux-x86_64-debian-gcc 1.0 2.28 25.17 27.45 NOTE
r-devel-linux-x86_64-fedora-clang 1.0 52.10 NOTE
r-devel-linux-x86_64-fedora-gcc 1.0 42.69 NOTE
r-devel-windows-ix86+x86_64 1.0 6.00 46.00 52.00 NOTE
r-patched-linux-x86_64 1.0 2.67 31.78 34.45 NOTE
r-patched-solaris-x86 1.0 60.10 NOTE
r-release-linux-x86_64 1.0 3.06 31.72 34.78 NOTE
r-release-macos-x86_64 1.0 NOTE
r-release-windows-ix86+x86_64 1.0 6.00 44.00 50.00 NOTE
r-oldrel-macos-x86_64 1.0 NOTE
r-oldrel-windows-ix86+x86_64 1.0 5.00 53.00 58.00 NOTE

Check Details

Version: 1.0
Check: R code for possible problems
Result: NOTE
    PCDReg.wf: no visible global function definition for 'optimize'
    Undefined global functions or variables:
     optimize
    Consider adding
     importFrom("stats", "optimize")
    to your NAMESPACE file.
Flavors: r-devel-linux-x86_64-debian-clang, r-devel-linux-x86_64-debian-gcc, r-devel-linux-x86_64-fedora-clang, r-devel-linux-x86_64-fedora-gcc, r-devel-windows-ix86+x86_64, r-patched-linux-x86_64, r-patched-solaris-x86, r-release-linux-x86_64, r-release-macos-x86_64, r-release-windows-ix86+x86_64, r-oldrel-macos-x86_64, r-oldrel-windows-ix86+x86_64