Last updated on 2021-01-25 00:48:05 CET.
Flavor | Version | Tinstall | Tcheck | Ttotal | Status | Flags |
---|---|---|---|---|---|---|
r-devel-linux-x86_64-debian-clang | 0.1.9 | 144.38 | 388.44 | 532.82 | OK | |
r-devel-linux-x86_64-debian-gcc | 0.1.9 | 136.51 | 277.63 | 414.14 | OK | |
r-devel-linux-x86_64-fedora-clang | 0.1.9 | 659.61 | NOTE | |||
r-devel-linux-x86_64-fedora-gcc | 0.1.9 | 684.02 | OK | |||
r-devel-windows-ix86+x86_64 | 0.1.9 | 344.00 | 698.00 | 1042.00 | NOTE | |
r-patched-linux-x86_64 | 0.1.9 | 153.06 | 361.48 | 514.54 | OK | |
r-patched-solaris-x86 | 0.1.9 | 754.20 | OK | |||
r-release-linux-x86_64 | 0.1.9 | 153.40 | 365.60 | 519.00 | OK | |
r-release-macos-x86_64 | 0.1.9 | NOTE | ||||
r-release-windows-ix86+x86_64 | 0.1.9 | 345.00 | 715.00 | 1060.00 | NOTE | |
r-oldrel-macos-x86_64 | 0.1.9 | NOTE | ||||
r-oldrel-windows-ix86+x86_64 | 0.1.9 | 339.00 | 627.00 | 966.00 | NOTE |
Version: 0.1.9
Check: installed package size
Result: NOTE
installed size is 33.0Mb
sub-directories of 1Mb or more:
libs 31.9Mb
Flavors: r-devel-linux-x86_64-fedora-clang, r-devel-windows-ix86+x86_64, r-release-macos-x86_64, r-release-windows-ix86+x86_64, r-oldrel-macos-x86_64, r-oldrel-windows-ix86+x86_64