CRAN Package Check Results for Package PKPDmodels

Last updated on 2021-01-25 00:48:06 CET.

Flavor Version Tinstall Tcheck Ttotal Status Flags
r-devel-linux-x86_64-debian-clang 0.3.2 2.07 26.82 28.89 NOTE
r-devel-linux-x86_64-debian-gcc 0.3.2 1.50 21.66 23.16 NOTE
r-devel-linux-x86_64-fedora-clang 0.3.2 45.20 NOTE
r-devel-linux-x86_64-fedora-gcc 0.3.2 35.04 NOTE
r-devel-windows-ix86+x86_64 0.3.2 4.00 41.00 45.00 NOTE
r-patched-linux-x86_64 0.3.2 1.97 26.39 28.36 NOTE
r-patched-solaris-x86 0.3.2 50.10 NOTE
r-release-linux-x86_64 0.3.2 1.88 26.11 27.99 NOTE
r-release-macos-x86_64 0.3.2 NOTE
r-release-windows-ix86+x86_64 0.3.2 4.00 40.00 44.00 NOTE
r-oldrel-macos-x86_64 0.3.2 NOTE
r-oldrel-windows-ix86+x86_64 0.3.2 3.00 42.00 45.00 NOTE

Check Details

Version: 0.3.2
Check: R code for possible problems
Result: NOTE
    PKmod: no visible global function definition for 'deriv'
    Undefined global functions or variables:
     deriv
    Consider adding
     importFrom("stats", "deriv")
    to your NAMESPACE file.
Flavors: r-devel-linux-x86_64-debian-clang, r-devel-linux-x86_64-debian-gcc, r-devel-linux-x86_64-fedora-clang, r-devel-linux-x86_64-fedora-gcc, r-devel-windows-ix86+x86_64, r-patched-linux-x86_64, r-patched-solaris-x86, r-release-linux-x86_64, r-release-macos-x86_64, r-release-windows-ix86+x86_64, r-oldrel-macos-x86_64, r-oldrel-windows-ix86+x86_64