CRAN Package Check Results for Package PReMiuM

Last updated on 2021-01-25 00:48:06 CET.

Flavor Version Tinstall Tcheck Ttotal Status Flags
r-devel-linux-x86_64-debian-clang 3.2.3 103.14 182.88 286.02 OK
r-devel-linux-x86_64-debian-gcc 3.2.3 79.23 138.41 217.64 OK
r-devel-linux-x86_64-fedora-clang 3.2.3 374.76 NOTE
r-devel-linux-x86_64-fedora-gcc 3.2.3 356.81 OK
r-devel-windows-ix86+x86_64 3.2.3 205.00 307.00 512.00 OK
r-patched-linux-x86_64 3.2.3 87.05 169.67 256.72 OK
r-patched-solaris-x86 3.2.3 428.50 OK
r-release-linux-x86_64 3.2.3 88.68 169.45 258.13 OK
r-release-macos-x86_64 3.2.3 NOTE
r-release-windows-ix86+x86_64 3.2.3 192.00 294.00 486.00 OK
r-oldrel-macos-x86_64 3.2.3 NOTE
r-oldrel-windows-ix86+x86_64 3.2.3 162.00 285.00 447.00 OK

Check Details

Version: 3.2.3
Check: installed package size
Result: NOTE
     installed size is 16.8Mb
     sub-directories of 1Mb or more:
     libs 16.4Mb
Flavors: r-devel-linux-x86_64-fedora-clang, r-release-macos-x86_64, r-oldrel-macos-x86_64