Last updated on 2021-01-25 00:48:06 CET.
Flavor | Version | Tinstall | Tcheck | Ttotal | Status | Flags |
---|---|---|---|---|---|---|
r-devel-linux-x86_64-debian-clang | 3.2.4 | 211.63 | 109.29 | 320.92 | OK | |
r-devel-linux-x86_64-debian-gcc | 3.2.4 | 141.18 | 84.20 | 225.38 | OK | |
r-devel-linux-x86_64-fedora-clang | 3.2.4 | 445.81 | NOTE | |||
r-devel-linux-x86_64-fedora-gcc | 3.2.4 | 398.70 | OK | |||
r-devel-windows-ix86+x86_64 | 3.2.4 | 416.00 | 210.00 | 626.00 | OK | |
r-patched-linux-x86_64 | 3.2.4 | 173.48 | 104.39 | 277.87 | OK | |
r-patched-solaris-x86 | 3.2.4 | 351.50 | OK | |||
r-release-linux-x86_64 | 3.2.4 | 172.50 | 104.02 | 276.52 | OK | |
r-release-macos-x86_64 | 3.2.4 | NOTE | ||||
r-release-windows-ix86+x86_64 | 3.2.4 | 396.00 | 178.00 | 574.00 | OK | |
r-oldrel-macos-x86_64 | 3.2.4 | NOTE | ||||
r-oldrel-windows-ix86+x86_64 | 3.2.4 | 286.00 | 185.00 | 471.00 | OK |
Version: 3.2.4
Check: installed package size
Result: NOTE
installed size is 34.8Mb
sub-directories of 1Mb or more:
libs 34.3Mb
Flavors: r-devel-linux-x86_64-fedora-clang, r-release-macos-x86_64, r-oldrel-macos-x86_64