Last updated on 2021-01-25 00:48:06 CET.
Flavor | Version | Tinstall | Tcheck | Ttotal | Status | Flags |
---|---|---|---|---|---|---|
r-devel-linux-x86_64-debian-clang | 1.1.0 | 18.70 | 277.34 | 296.04 | OK | |
r-devel-linux-x86_64-debian-gcc | 1.1.0 | 16.74 | 201.07 | 217.81 | OK | |
r-devel-linux-x86_64-fedora-clang | 1.1.0 | 365.75 | OK | |||
r-devel-linux-x86_64-fedora-gcc | 1.1.0 | 473.89 | OK | |||
r-devel-windows-ix86+x86_64 | 1.1.0 | 35.00 | 142.00 | 177.00 | OK | --no-vignettes |
r-patched-linux-x86_64 | 1.1.0 | 19.39 | 259.40 | 278.79 | OK | |
r-patched-solaris-x86 | 1.1.0 | 432.90 | NOTE | |||
r-release-linux-x86_64 | 1.1.0 | 17.30 | 257.67 | 274.97 | OK | |
r-release-macos-x86_64 | 1.1.0 | NOTE | ||||
r-release-windows-ix86+x86_64 | 1.1.0 | 26.00 | 132.00 | 158.00 | OK | --no-vignettes |
r-oldrel-macos-x86_64 | 1.1.0 | FAIL | ||||
r-oldrel-windows-ix86+x86_64 | 1.1.0 | 24.00 | 122.00 | 146.00 | OK | --no-vignettes |
Version: 1.1.0
Check: package dependencies
Result: NOTE
Package suggested but not available for checking: ‘ROI.plugin.symphony’
Flavors: r-patched-solaris-x86, r-release-macos-x86_64, r-oldrel-macos-x86_64
Version: 1.1.0
Check: re-building of vignette outputs
Result: FAIL
Flavor: r-oldrel-macos-x86_64