CRAN Package Check Results for Package R2BEAT

Last updated on 2021-01-25 00:48:07 CET.

Flavor Version Tinstall Tcheck Ttotal Status Flags
r-devel-linux-x86_64-debian-clang 1.0.2 9.71 73.80 83.51 NOTE
r-devel-linux-x86_64-debian-gcc 1.0.2 7.39 55.43 62.82 NOTE
r-devel-linux-x86_64-fedora-clang 1.0.2 107.00 NOTE
r-devel-linux-x86_64-fedora-gcc 1.0.2 97.77 NOTE
r-devel-windows-ix86+x86_64 1.0.2 23.00 97.00 120.00 NOTE
r-patched-linux-x86_64 1.0.2 8.42 68.88 77.30 NOTE
r-patched-solaris-x86 1.0.2 127.40 NOTE
r-release-linux-x86_64 1.0.2 10.04 67.69 77.73 NOTE
r-release-macos-x86_64 1.0.2 NOTE
r-release-windows-ix86+x86_64 1.0.2 29.00 102.00 131.00 NOTE
r-oldrel-macos-x86_64 1.0.2 NOTE
r-oldrel-windows-ix86+x86_64 1.0.2 16.00 87.00 103.00 NOTE

Check Details

Version: 1.0.2
Check: package dependencies
Result: NOTE
    Package suggested but not available for checking: 'ReGenesees'
Flavors: r-devel-linux-x86_64-debian-clang, r-devel-linux-x86_64-debian-gcc, r-devel-linux-x86_64-fedora-clang, r-devel-linux-x86_64-fedora-gcc, r-devel-windows-ix86+x86_64, r-patched-linux-x86_64, r-patched-solaris-x86, r-release-linux-x86_64, r-release-macos-x86_64, r-release-windows-ix86+x86_64, r-oldrel-macos-x86_64, r-oldrel-windows-ix86+x86_64