Last updated on 2021-01-25 00:48:07 CET.
Flavor | Version | Tinstall | Tcheck | Ttotal | Status | Flags |
---|---|---|---|---|---|---|
r-devel-linux-x86_64-debian-clang | 3.2-3.2.1 | 5.15 | 46.03 | 51.18 | NOTE | |
r-devel-linux-x86_64-debian-gcc | 3.2-3.2.1 | 3.26 | 35.97 | 39.23 | NOTE | |
r-devel-linux-x86_64-fedora-clang | 3.2-3.2.1 | 70.84 | OK | |||
r-devel-linux-x86_64-fedora-gcc | 3.2-3.2.1 | 60.92 | OK | |||
r-devel-windows-ix86+x86_64 | 3.2-3.2.1 | 8.00 | 66.00 | 74.00 | OK | |
r-patched-linux-x86_64 | 3.2-3.2.1 | 4.02 | 44.48 | 48.50 | NOTE | |
r-patched-solaris-x86 | 3.2-3.2.1 | 81.40 | OK | --no-tests | ||
r-release-linux-x86_64 | 3.2-3.2.1 | 4.37 | 44.87 | 49.24 | NOTE | |
r-release-macos-x86_64 | 3.2-3.2.1 | OK | ||||
r-release-windows-ix86+x86_64 | 3.2-3.2.1 | 6.00 | 62.00 | 68.00 | OK | |
r-oldrel-macos-x86_64 | 3.2-3.2.1 | OK | ||||
r-oldrel-windows-ix86+x86_64 | 3.2-3.2.1 | 6.00 | 60.00 | 66.00 | OK |
Version: 3.2-3.2.1
Check: R code for possible problems
Result: NOTE
Found the following calls to attach():
File 'R2OpenBUGS/R/attach.all.R':
attach(x, name = name)
See section 'Good practice' in '?attach'.
Flavors: r-devel-linux-x86_64-debian-clang, r-devel-linux-x86_64-debian-gcc, r-patched-linux-x86_64, r-release-linux-x86_64