CRAN Package Check Results for Package RALSA

Last updated on 2021-01-25 00:48:07 CET.

Flavor Version Tinstall Tcheck Ttotal Status Flags
r-devel-linux-x86_64-debian-clang 0.90.1 26.02 143.02 169.04 OK
r-devel-linux-x86_64-debian-gcc 0.90.1 18.47 106.51 124.98 OK
r-devel-linux-x86_64-fedora-clang 0.90.1 202.72 OK
r-devel-linux-x86_64-fedora-gcc 0.90.1 193.20 OK
r-devel-windows-ix86+x86_64 0.90.1 48.00 168.00 216.00 OK
r-patched-linux-x86_64 0.90.1 16.39 128.51 144.90 OK
r-patched-solaris-x86 0.90.1 253.50 OK
r-release-linux-x86_64 0.90.1 22.68 127.42 150.10 OK
r-release-macos-x86_64 0.90.1 OK
r-release-windows-ix86+x86_64 0.90.1 49.00 164.00 213.00 OK
r-oldrel-macos-x86_64 0.90.1 ERROR

Check Details

Version: 0.90.1
Check: whether package can be installed
Result: ERROR
    Installation failed.
Flavor: r-oldrel-macos-x86_64