CRAN Package Check Results for Package RKEELjars

Last updated on 2021-01-25 00:48:08 CET.

Flavor Version Tinstall Tcheck Ttotal Status Flags
r-devel-linux-x86_64-debian-clang 1.0.19 2.36 21.81 24.17 OK
r-devel-linux-x86_64-debian-gcc 1.0.19 1.97 17.15 19.12 OK
r-devel-linux-x86_64-fedora-clang 1.0.19 39.82 NOTE
r-devel-linux-x86_64-fedora-gcc 1.0.19 29.71 OK
r-devel-windows-ix86+x86_64 1.0.19 11.00 45.00 56.00 NOTE
r-patched-linux-x86_64 1.0.19 2.47 21.10 23.57 OK
r-release-linux-x86_64 1.0.19 2.41 21.30 23.71 OK
r-release-macos-x86_64 1.0.19 NOTE
r-release-windows-ix86+x86_64 1.0.19 10.00 36.00 46.00 NOTE
r-oldrel-macos-x86_64 1.0.19 NOTE
r-oldrel-windows-ix86+x86_64 1.0.19 8.00 35.00 43.00 NOTE

Check Details

Version: 1.0.19
Check: installed package size
Result: NOTE
     installed size is 23.9Mb
     sub-directories of 1Mb or more:
     exe 23.8Mb
Flavors: r-devel-linux-x86_64-fedora-clang, r-devel-windows-ix86+x86_64, r-release-macos-x86_64, r-release-windows-ix86+x86_64, r-oldrel-macos-x86_64, r-oldrel-windows-ix86+x86_64