CRAN Package Check Results for Package RcppAlgos

Last updated on 2021-01-25 00:48:07 CET.

Flavor Version Tinstall Tcheck Ttotal Status Flags
r-devel-linux-x86_64-debian-clang 2.4.1 425.99 92.74 518.73 OK
r-devel-linux-x86_64-debian-gcc 2.4.1 265.31 71.43 336.74 OK
r-devel-linux-x86_64-fedora-clang 2.4.1 736.63 NOTE
r-devel-linux-x86_64-fedora-gcc 2.4.1 641.07 OK
r-devel-windows-ix86+x86_64 2.4.1 886.00 222.00 1108.00 NOTE
r-patched-linux-x86_64 2.4.1 323.34 90.66 414.00 OK
r-patched-solaris-x86 2.4.1 571.10 OK
r-release-linux-x86_64 2.4.1 322.53 90.48 413.01 OK
r-release-macos-x86_64 2.4.1 NOTE
r-release-windows-ix86+x86_64 2.4.1 718.00 228.00 946.00 NOTE
r-oldrel-macos-x86_64 2.4.1 NOTE
r-oldrel-windows-ix86+x86_64 2.4.1 724.00 215.00 939.00 NOTE

Check Details

Version: 2.4.1
Check: installed package size
Result: NOTE
     installed size is 27.3Mb
     sub-directories of 1Mb or more:
     libs 26.0Mb
Flavors: r-devel-linux-x86_64-fedora-clang, r-devel-windows-ix86+x86_64, r-release-macos-x86_64, r-release-windows-ix86+x86_64, r-oldrel-macos-x86_64, r-oldrel-windows-ix86+x86_64